{"id":28,"date":"2015-08-22T11:00:36","date_gmt":"2015-08-22T11:00:36","guid":{"rendered":"http:\/\/www.toimintaterapiaa.fi\/uusi\/?page_id=6"},"modified":"2026-03-10T16:58:50","modified_gmt":"2026-03-10T14:58:50","slug":"yhteystiedot","status":"publish","type":"page","link":"https:\/\/toimintaterapiaa.fi\/?page_id=28","title":{"rendered":"Lapsenaseman yhteystiedot"},"content":{"rendered":"\n<figure class=\"wp-block-image size-large is-resized\"><img loading=\"lazy\" decoding=\"async\" width=\"1024\" height=\"777\" src=\"https:\/\/toimintaterapiaa.fi\/wp-content\/uploads\/2026\/03\/IMG_3030-6-1024x777.jpg\" alt=\"\" class=\"wp-image-280\" style=\"aspect-ratio:1.3178881820921395;width:697px;height:auto\" srcset=\"https:\/\/toimintaterapiaa.fi\/wp-content\/uploads\/2026\/03\/IMG_3030-6-1024x777.jpg 1024w, https:\/\/toimintaterapiaa.fi\/wp-content\/uploads\/2026\/03\/IMG_3030-6-300x228.jpg 300w, https:\/\/toimintaterapiaa.fi\/wp-content\/uploads\/2026\/03\/IMG_3030-6-768x583.jpg 768w, https:\/\/toimintaterapiaa.fi\/wp-content\/uploads\/2026\/03\/IMG_3030-6-501x380.jpg 501w, https:\/\/toimintaterapiaa.fi\/wp-content\/uploads\/2026\/03\/IMG_3030-6.jpg 1143w\" sizes=\"auto, (max-width: 1024px) 100vw, 1024px\" \/><figcaption class=\"wp-element-caption\">Siis\u00e4\u00e4ntulo junaraiteiden puolelta, taksit voivat ajaa oven eteen. <\/figcaption><\/figure>\n\n\n<p>K\u00e4yntiosoite: Oulunkyl\u00e4n tori 1 B, 00640 Helsinki.<\/p>\n<p>Postiosoite: Oulunkyl\u00e4n tori 1 B, 00640 Helsinki<\/p>\n<p>s\u00e4hk\u00f6posti: kati@toimintaterapiaa.fi\u00a0 \u00a0 \u00a0 \u00a0 \u00a0 \u00a0 \u00a0s\u00e4hk\u00f6posti: soila.saarinen@hotmail.com<\/p>\n<p>puhelinnumero: 044-5253523\u00a0 \u00a0 \u00a0 \u00a0 \u00a0 \u00a0 \u00a0 \u00a0 \u00a0 \u00a0 \u00a0 puhelinnumero: 040-5325508<\/p>\n<p>&nbsp;<\/p>\n<h1>\u00a0<\/h1>\n\n\n<p><\/p>\n","protected":false},"excerpt":{"rendered":"<p>K\u00e4yntiosoite: Oulunkyl\u00e4n tori 1 B, 00640 Helsinki. Postiosoite: Oulunkyl\u00e4n tori 1 B, 00640 Helsinki s\u00e4hk\u00f6posti: kati@toimintaterapiaa.fi\u00a0 \u00a0 \u00a0 \u00a0 \u00a0 \u00a0 \u00a0s\u00e4hk\u00f6posti: soila.saarinen@hotmail.com puhelinnumero: 044-5253523\u00a0 \u00a0 \u00a0 \u00a0 \u00a0 \u00a0 \u00a0 \u00a0 \u00a0 \u00a0 \u00a0 puhelinnumero: 040-5325508 &nbsp; \u00a0<\/p>\n","protected":false},"author":2,"featured_media":0,"parent":0,"menu_order":0,"comment_status":"closed","ping_status":"closed","template":"","meta":{"footnotes":""},"class_list":["post-28","page","type-page","status-publish","hentry","without-featured-image"],"_links":{"self":[{"href":"https:\/\/toimintaterapiaa.fi\/index.php?rest_route=\/wp\/v2\/pages\/28","targetHints":{"allow":["GET"]}}],"collection":[{"href":"https:\/\/toimintaterapiaa.fi\/index.php?rest_route=\/wp\/v2\/pages"}],"about":[{"href":"https:\/\/toimintaterapiaa.fi\/index.php?rest_route=\/wp\/v2\/types\/page"}],"author":[{"embeddable":true,"href":"https:\/\/toimintaterapiaa.fi\/index.php?rest_route=\/wp\/v2\/users\/2"}],"replies":[{"embeddable":true,"href":"https:\/\/toimintaterapiaa.fi\/index.php?rest_route=%2Fwp%2Fv2%2Fcomments&post=28"}],"version-history":[{"count":2,"href":"https:\/\/toimintaterapiaa.fi\/index.php?rest_route=\/wp\/v2\/pages\/28\/revisions"}],"predecessor-version":[{"id":281,"href":"https:\/\/toimintaterapiaa.fi\/index.php?rest_route=\/wp\/v2\/pages\/28\/revisions\/281"}],"wp:attachment":[{"href":"https:\/\/toimintaterapiaa.fi\/index.php?rest_route=%2Fwp%2Fv2%2Fmedia&parent=28"}],"curies":[{"name":"wp","href":"https:\/\/api.w.org\/{rel}","templated":true}]}}